hat is (8 - 4) + -4 + (52 - (21 + 11))?
20
What is -13 + (-13 + -18 - 14)?
-58
Calculate (16 - (0 - (7 + -28))) + (4 - -2) - 34.
-33
Calculate -109 - (103 - 80) - -84.
-48
Evaluate 10 + -1 + 9 + (42 + -3 - -7).
64
0 - 3 - (72 - 58 - 24)
7
What is (3 + -7 + 16 - (3 - -44)) + -1?
-36
What is 49 - 114 - -52 - -54?
41
What is (-4 - (1 + -2)) + -1 - (1897 - 1899) - 45?
-47
What is the value of 47 - 74 - -56 - 15?
14
What is the value of (372 - 208) + -201 - (59 + 0)?
-96
What is the value of 35 + 29 + 17 + -40?
41
What is the value of -1 + -137 + 0 - (135012 - 135045)?
-105
Calculate -49 - (2 + -1 + -48).
-2
Evaluate (1 - 11 - (48 - 48) - -17) + -59.
-52
What is (2 - 16) + (-124 - (-178 + 83))?
-43
What is the value of (-29 - (30 + -82)) + 0 + 3 + 3?
29
25 + (3 - -16 - 21) + -6
17
Evaluate -34 - 19 - (-186 + 159).
-26
Calculate 0 + (18 - ((-2 - -15) + -5)).
10
What is the value of (14 + -12 - -1) + 19 - (29 - 20)?
13
Calculate -49 - (-42 - 81) - 55.
19
(-18 - (-27 - (-19 + 42))) + -28
4
-58 - -1 - (-1386 - -1267)
62
12 + 3 + -1 - (85 + 13 + -120)
36
What is the value of -2 - (-18 + 2) - (-46 + 236 + -221)?
45
Calculate (7535 - 7611) + (2 - -92).
18
What is the value of -45 + 7 - (-4 - (6 - 8 - 9) - 8)?
-37
What is 49 + (-33 - -94) + -77?
33
6 + (-1 + 3 + 5 - 11) - (-28 + -9)
39
Evaluate 4 - 13 - (12 + (-3 - -38)).
-56
Calculate (-7 + -46 + (2 - -7) - -8) + 2 + -9.
-43
What is the value of -36 + -36 - 42 - (-2 - 3 - 10)?
-99
What is (10 - 13) + 9 + (-12 - -1) - (58 - 26)?
-37
Calculate 107 - (55 + 157 - 7).
-98
0 + -38 + -53 + 132 + -6 + 0
35
Calculate -47 + (-1 - -2 - 1) - (-400 + 243 + 153).
-43
Evaluate -1 - ((73 - 28 - 49) + -4 + -1).
8
12 + -22 + (4 - 4) + 7 + 15
12
Evaluate (42 - (-31 - (-83 + 39))) + 72.
101
What is the value of (9 + (11 - 5) - -8) + -3?
20
Calculate (2 - 22 - (-115 - -84)) + 15.
26
What is the value of -32 - -9 - (-98 - -58)?
17
Calculate -22 + (36 - -4) - (0 - 31) - (0 + -6).
55
Calculate -6 - 50 - (-4 + 13 + -20).
-45
Calculate 2 + (-14 - (-13 + 38 + -19 + 7)).
-25
-1 + 68 - (29 - (99 - 87))
50
What is the value of 11 + (-16 - (-20 + 40)) + 11 + 0 - -26?
12
Evaluate 383 + -52 + -152 - 36.
143
Calculate -8 + 1 - (-20 - 26) - ((2 - 14) + 8).
43
Evaluate 42 + (-3 - -2) + -1 + -10 + (-68 - -68).
30
Evaluate (-20 - 3 - -8) + (-37 - -43) + -44.
-53
What is 121 + -171 + 65 + -15?
0
(-26 - -48 - 28) + 52 + -79
-33
What is (1 - 2) + 1 + -2 + 122 + -118 + -43?
-41
What is the value of -76 + (0 - 8) + 0 + 11 + -1 + 7?
-67
-31 + 40 - (7 + (-47 - -10))
39
What is the value of -92 + (26 - 19) + 29 + -28?
-84
Evaluate (-6 - (-6 - -2)) + (245 + -209 - (-21 - 1)).
56
Evaluate 100 - 103 - (1 + -1 + -114) - (-11 - -18).
104
What is (-3 - (-2 + -3)) + (65 - 8) + 8 - 13?
54
-3 - (-3 - -28) - (-55 - -65) - 6
-44
Evaluate 68 - (-1 - -12 - (0 + 14 - 1)).
70
What is -63 + -10 - (-51 + (15 - -12))?
-49
What is 18 + (-53 - -21) - (-1 + 17)?
-30
Evaluate -320 - -286 - (-64 - -6).
24
Evaluate 163 - (-94 - (-243 + 54)).
68
Evaluate 1 + -34 + 4714 + -4617.
64
(-1 - -5) + (-21 + -3 + 1 - (258 - 234))
-43
What is (32 - (3 - 27)) + -4 + 5 + 1 + -16?
42
Evaluate -49 - -445 - 334 - ((1 - -8) + (-2 - -2)).
53
Evaluate (-2 - 0) + 15 - (-2766 + 2813 - (96 - -1)).
63
What is 415 + -443 - (-104 + 10) - (1 - (2 + -1))?
66
Evaluate 1 + (11 - (-8 + -5 + 14 - 7)) + -4.
14
Evaluate (2 - -5) + (296 - 314 - (0 + -83)).
72
Evaluate 203 - (97 + 105) - (1 - (0 + 1 - 1)).
0
Evaluate (-43 - (5 + 68)) + 45.
-71
Calculate 50 - 0 - (-13 + (4 - 5 - 1) + 15).
50
What is the value of -1 + (3 + -1 - -5) + (-74 - -62) + 60?
54
(-7 - -1) + -16 + (-16 - -22) + -22 + -8
-46
7 + 6 + -6 - ((-3 - -4) + -28)
34
4 + (0 + 12 + (-13 - -14) - -4)
21
Calculate -4 - (15 - -45) - -32 - -157.
125
Calculate 94 - (7 - -2) - (-47 - -61).
71
What is (-2 - 0) + 4320 + -4307?
11
What is the value of 30 - 0 - (1191 + -1178) - -25?
42
Calculate 22 + 33 + (1 - 2) + 15 + -15.
54
Calculate 5 - (-18 - -33 - 21).
11
What is -16 + 23 + (166 - 194)?
-21
Calculate 8 + (-1 + 40 + -6 - 11) + 8.
38
What is 32 + (33 + 1 - (-467 + 452))?
81
Evaluate -25 - (21 - (15 - 28 - -14)).
-45
What is 10 + ((-14 - (0 + -32)) + -11 - 56)?
-39
Evaluate 48 + (77 - (-60 - -144)).
41
What is (-57 + 86 - (-14 - 35)) + -40?
38
What is (7 - (12 + 11)) + (-21 - -74)?
37
Evaluate (2 - 61 - (-52 + (98 - 61))) + 13.
-31
Calculate (4 - (-2 - -26)) + 4 - (1194 + -1323).
113
-55 - (26 + -24 + -15)
-42
What is -2 - 39 - (33 + -38) - 5 - -8?
-33
What is the value of (14 - (78 + (-17 - 6))) + 7?
-34
Calculate -27 - (19 + 7 + 23 - 22).
-54
5 + 4 - ((-69 - -44) + 54)
-20
What is the value of 15 + (-10 - 6) + (42 - -13 - 2)?
52
Evaluate 142 + (-1 + -15 - (-390 - -360)) + -25.
131
What is (24 - (2 + -2 + 14)) + -20?
-10
-54 + 58 - (0 - 2 - (13 - (-4 - 37)))
60
What is the value of (2 - 1 - (-172 - -188)) + 0?
-15
Calculate -27 - -2 - (26 + -54 + 30 + -8).
-19
What is -102 - -81 - ((16 - (1 - -7)) + (3 - 0))?
-32
What is the value of -28 + 135 + -19 + (-28 - -11)?
71
Calculate 19 - (-18 - -35) - (18 - (-3 - -13)).
-6
(-37 - (-25 + -70 + 0)) + 49
107
What is (7 - (8 - 1 - (732 + -721))) + 31?
42
Calculate -23 - (-35 + -19 + 7) - 7.
17
-19 + -1 + (98 - (19 + 102))
-43
What is -29 - ((22 - -7) + -12 - (7 - (5 + -7)))?
-37
What is the value of (35 - -2) + (9 - 2)?
44
What is -125 - ((-13 - 1) + (-25 - (-70 - (-37 + -1))))?
-118
-2441 + 2430 - (-1 - -2 - 6)
-6
What is the value of (-1 + 2 - -27) + (-2352 - -2366)?
42
What is the value of (-2 - -22) + (163 - 179) - (-62 + 16)?
50
What is the value of 10 - 1 - -1 - (-198 - -150 - 12)?
70
Calculate -678 - -750 - (0 - -139).
-67
Evaluate 2 + -10 + -68 + (289 - 322).
-109
(1 - -12 - (-795 - -848)) + -2
-42
(130 - (-88 - -225)) + 29 + 2
24
Calculate 43 + 35 + -31 + -11.
36
Calculate (6 - -2) + -18 - (50 - 109).
49
Calculate 5 + -3 - ((63 - -2) + 28 + -12 + -7).
-72
Evaluate 14 + -27 - (39 - (37 + -43)).
-58
Evaluate -31 + -39 + -24 - -61.
-33
Evaluate 7 - -7 - (29 + -6) - (-2 + -8 - -22).
-21
107 + 12 + (-48 - 75)
-4
Calculate 35 + (-7 - -47) + -48 - -81.
108
What is the value of (5045 - 5102) + -1 + 5 + -7?
-60
What is the value of -12 - (-26 + (-20 - -43) - 35)?
26
What is the value of 2 + -6 + -87 + 71 + 5 + -1 + 17?
1
What is the value of 10 + -1 + (-94 - -112) + (-9 - 89)?
-71
What is the value of -3 - (3 - 26) - (14 + (-38 - -14))?
30
Calculate 2 + 0 - 20 - (7 + -3 + 8).
-30
What is -57 - (-5 - 3) - (-1 - 16) - (-1 + -8)?
-23
What is (-75 - (2 - (-18 - -8))) + 12 + (8 - 2)?
-69
Calculate 60 + (15 - 0 - -46) + -26.
95
(-4 - (1 - (37 - 18))) + -14
0
Calculate -43 - ((31 - -36) + -121).
11
What is the value of -51 - -55 - 3 - 48?
-47
What is the value of -2 + ((-25 - -16) + -5 - -85)?
69
Evaluate -16411 - -16363 - (0 + (-1 - -22)).
-69
What is -4 + (-2 - -5) + -13 + (1873 - 1830)?
29
What is the value of (-5 + 9 + 9 - -2) + 11 + -84?
-58
Calculate -25 - -59 - -16 - ((15 - 11) + 9).
37
What is 2 + 96 - ((-4 - (2 + -29)) + -8)?
83
What is (4 - 6) + 104 - (3 - -10) - (-7 + 14)?
82
What is the value of 84 + (-29 - 139) - -58?
-26
Calculate 0 + 41 - (-3631 - -3656).
16
What is the value of -50 + 36 + (-32 - 6) + (12 - 0)?
-40
What is (-2 - 0) + 2 + -39 - (3425 + -3416)?
-48
Calculate 28 + -1 - (-124 - -185 - -66).
-100
1 + -26 + (-131 - (-282 - -137))
-11
Evaluate 6 - (3 + 4 + -13) - (3 + -12).
21
85 + -1 + -11 + -26
47
71 + 11 + 19 + -62
39
What is 20 - (-58 + 29 - -25) - 3?
21
Evaluate (395 - 348) + -2 + 18.
63
Calculate -25 - 28 - (-2 + -52).
1
Calculate (-853 - -972) + (-42 - 2) - (-1 + 4).
72
What is 25 + 2 + 23 - (8 - (-8 - -4))?
38
What is the value of (3 - (-3 + 1) - (-60 - -66)) + -38 + -1?
-40
Evaluate 5 - (-10 - -20 - 12 - -19).
-12
Calculate -2 + (15 + -5 - 4 - -77) + -15.
66
-78 + (235 - 94 - 16)
47
What is the value of -141 - -160 - (-5 - -49)?
-25
Calculate (144 - (177 - 30)) + -15 + (-2 - -1).
-19
What is the value of (16 - (-20 + 26)) + -23 + -24?
-37
2 + (2 - 12) - (1744 + -1786)
34
What is the value of (21 - -13) + -21 - -4?
17
What is 19 + -5 - (11 - -1 - (10 - -12))?
24
What is the value of -83641 - -83670 - ((0 - 0) + -32)?
61
What is -12 + (4 - 1) - (-32 - -140 - 41)?
-76
0 + -4 + 16 - (-20 + 43 - (2 - 3))
-12
What is -17 + 54 - (68 + -50)?
19
Evaluate (-13 - 22) + 20 + 89 + 5 + 3.
82
C